 prime factors of 96626179.
13, 677, 10979
List the prime factors of 1120855489.
13, 83, 79907
What are the prime factors of 2506644938?
2, 7, 1979, 90473
List the prime factors of 2114948980.
2, 5, 43, 383, 6421
List the prime factors of 73619927.
19, 3874733
List the prime factors of 77333422.
2, 173, 223507
List the prime factors of 552898752.
2, 3, 7, 17, 3457
List the prime factors of 84290824.
2, 67, 157259
List the prime factors of 100350024.
2, 3, 4181251
What are the prime factors of 1832602996?
2, 7, 3011, 21737
List the prime factors of 424781013.
3, 141593671
What are the prime factors of 80363830?
2, 5, 2089, 3847
List the prime factors of 7550316.
2, 3, 131, 1601
What are the prime factors of 230701075?
5, 11, 838913
List the prime factors of 224464033.
1801, 124633
List the prime factors of 745237877.
745237877
What are the prime factors of 555257884?
2, 138814471
List the prime factors of 594453847.
13, 2213, 20663
List the prime factors of 278895745.
5, 2399, 23251
List the prime factors of 117615731.
83, 1417057
List the prime factors of 548731575.
3, 5, 7, 348401
What are the prime factors of 2116458027?
3, 17, 3271, 4229
What are the prime factors of 9308999?
7, 151, 8807
What are the prime factors of 20185668?
2, 3, 73, 7681
What are the prime factors of 237486467?
12641, 18787
List the prime factors of 452283857.
1483, 304979
List the prime factors of 758828642.
2, 11, 13, 569, 4663
What are the prime factors of 2567547106?
2, 1871, 686143
List the prime factors of 157829115.
3, 5, 10521941
List the prime factors of 16213415.
5, 3242683
List the prime factors of 3705508194.
2, 3, 617584699
List the prime factors of 150115292.
2, 53, 708091
What are the prime factors of 392765879?
11, 29, 173, 647
What are the prime factors of 82640911?
4243, 19477
What are the prime factors of 375510401?
7, 47, 107, 10667
What are the prime factors of 125805448?
2, 997, 15773
What are the prime factors of 163013031?
3, 29, 619, 1009
List the prime factors of 169020190.
2, 5, 2971, 5689
What are the prime factors of 10525323?
3, 53, 1249
What are the prime factors of 15577152?
2, 3, 81131
What are the prime factors of 2812724603?
13, 19, 11387549
List the prime factors of 42889432.
2, 191, 28069
What are the prime factors of 65561016?
2, 3, 2731709
What are the prime factors of 177309107?
631, 280997
List the prime factors of 177706000.
2, 5, 88853
What are the prime factors of 1629745354?
2, 814872677
What are the prime factors of 2402320407?
3, 800773469
What are the prime factors of 1707353777?
1381, 1236317
What are the prime factors of 457935409?
17, 2713, 9929
List the prime factors of 3728052460.
2, 5, 11, 3833, 4421
List the prime factors of 170283928.
2, 19, 1120289
List the prime factors of 3142323174.
2, 3, 769, 681041
List the prime factors of 224513728.
2, 19, 184633
List the prime factors of 68576734.
2, 34288367
What are the prime factors of 259182878?
2, 31, 4180369
What are the prime factors of 351614482?
2, 283, 621227
What are the prime factors of 1129603802?
2, 1187, 475823
What are the prime factors of 23715934?
2, 11, 1077997
List the prime factors of 11449895.
5, 2289979
List the prime factors of 102461099.
13, 1093, 7211
List the prime factors of 103235034.
2, 3, 7, 293, 8389
List the prime factors of 128139393.
3, 1301, 32831
List the prime factors of 378948157.
7, 6421, 8431
List the prime factors of 480586906.
2, 17, 14134909
List the prime factors of 60033601.
79, 523, 1453
What are the prime factors of 4978016743?
7, 14431, 49279
List the prime factors of 1911340310.
2, 5, 11, 1873, 9277
List the prime factors of 1110432404.
2, 277608101
List the prime factors of 80431959.
3, 19, 67, 21061
List the prime factors of 76532392.
2, 29, 107, 3083
What are the prime factors of 102769401?
3, 7, 47, 104123
What are the prime factors of 1057897947?
3, 17, 20743097
List the prime factors of 228383815.
5, 11, 4152433
List the prime factors of 2074100266.
2, 7, 17, 137, 63611
What are the prime factors of 87924946?
2, 79, 556487
List the prime factors of 24072677.
19, 709, 1787
What are the prime factors of 7427762021?
77383, 95987
What are the prime factors of 3646392297?
3, 17497, 69467
What are the prime factors of 426091704?
2, 3, 37, 479833
List the prime factors of 3876895945.
5, 13, 19, 3139187
List the prime factors of 47163840.
2, 3, 5, 73, 673
List the prime factors of 2067483.
3, 11, 31, 43, 47
List the prime factors of 522374579.
691, 755969
What are the prime factors of 3735314342?
2, 317, 5891663
What are the prime factors of 142014205?
5, 67, 223, 1901
What are the prime factors of 36266260?
2, 5, 1813313
What are the prime factors of 271727764?
2, 7, 11, 139, 577
What are the prime factors of 3100473410?
2, 5, 5743, 53987
List the prime factors of 4247717.
29, 71, 2063
What are the prime factors of 495796561?
13, 47, 137, 5923
List the prime factors of 220689822.
2, 3, 151, 243587
What are the prime factors of 817343881?
19, 43018099
What are the prime factors of 1519539163?
67, 22679689
What are the prime factors of 2581522552?
2, 7, 19, 277, 461
What are the prime factors of 3048912618?
2, 3, 491, 541, 1913
List the prime factors of 1986305793.
3, 151, 4384781
List the prime factors of 979354170.
2, 3, 5, 31, 351023
List the prime factors of 22547510.
2, 5, 67, 73, 461
What are the prime factors of 55431484?
2, 13857871
What are the prime factors of 335136948?
2, 3, 67, 233, 1789
List the prime factors of 157630717.
283, 556999
What are the prime factors of 353738795?
5, 137, 516407
List the prime factors of 4621606563.
3, 7, 191, 1152233
List the prime factors of 174065706.
2, 3, 3223439
List the prime factors of 527593620.
2, 3, 5, 8793227
What are the prime factors of 1085258478?
2, 3, 17, 31, 343219
What are the prime factors of 28097620?
2, 5, 1404881
What are the prime factors of 28449259?
191, 148949
List the prime factors of 38302606.
2, 19151303
What are the prime factors of 849572808?
2, 3, 7, 41, 123341
What are the prime factors of 210575906?
2, 17, 127, 48767
List the prime factors of 1343442550.
2, 5, 43, 137, 4561
List the prime factors of 216090282.
2, 3, 5501, 6547
List the prime factors of 66260747.
7, 17, 37, 101, 149
List the prime factors of 2545956026.
2, 193, 757, 8713
What are the prime factors of 31595106?
2, 3, 5265851
List the prime factors of 101831244.
2, 3, 739, 11483
What are the prime factors of 114570634?
2, 137, 173, 2417
What are the prime factors of 5982050779?
32141, 186119
List the prime factors of 1559487247.
73, 21362839
List the prime factors of 52404277.
52404277
List the prime factors of 4569993.
3, 169259
List the prime factors of 469217744.
2, 29326109
List the prime factors of 4277974812.
2, 3, 541, 658961
What are the prime factors of 225588920?
2, 5, 5639723
List the prime factors of 613536281.
227, 2702803
What are the prime factors of 147397334?
2, 7, 313, 33637
What are the prime factors of 53751453?
3, 7, 2559593
List the prime factors of 29890125.
3, 5, 163
List the prime factors of 11957386.
2, 7, 854099
List the prime factors of 580721630.
2, 5, 58072163
What are the prime factors of 67139313?
3, 109, 205319
List the prime factors of 44517691.
127, 167, 2099
List the prime factors of 2590892701.
17, 773, 197161
What are the prime factors of 3457592371?
727, 829, 5737
What are the prime factors of 565727500?
2, 5, 13, 103
List the prime factors of 2756963552.
2, 7, 73, 168601
What are the prime factors of 2940662699?
13, 19, 359, 2551
What are the prime factors of 829172990?
2, 5, 82917299
What are the prime factors of 70522887?
3, 2909, 8081
List the prime factors of 43046731.
7, 13, 23, 131, 157
What are the prime factors of 904560495?
3, 5, 60304033
List the prime factors of 480425252.
2, 29, 127, 32611
List the prime factors of 11366766.
2, 3, 631487
What are the prime factors of 104151449?
89, 139, 8419
List the prime factors of 152595390.
2, 3, 5, 29, 43, 4079
What are the prime factors of 179686825?
5, 7187473
What are the prime factors of 640581383?
13, 71, 523, 1327
List the prime factors of 490553954.
2, 11, 22297907
List the prime factors of 205984093.
7, 4203757
What are the prime factors of 13377696?
2, 3, 331, 421
List the prime fact